23 - (1 + 0) - 3) + -5)?
30
What is -22 + -8 + (-103 - -93)?
-40
What is -12 - 82 - ((-7 - -4) + 8 - 17)?
-82
(-191 - -124) + 4 + -1 + (9 - -2)
-53
What is the value of -120 - -94 - (-6 - 5 - 3)?
-12
Evaluate -11 - 128 - (-243 - -68).
36
What is the value of (737 - 685) + (-15 - -2 - 4)?
35
1 + 0 + 42 + -4462 + 4435
16
Evaluate -3 + -2 - (-114 - -109) - (15 - 1).
-14
What is 12 + (-1 - 10 - (-1308 + 1276))?
33
-5 + -3 + 66 + -54 + -35
-31
What is -5 + -3 + 1 + -5 + 6 + 32 + -25?
1
Calculate -29 + -29 + 58 + (7 - 3).
4
811 + -914 + (-1 - -4 - (-19 + 16))
-97
-14 - ((-34 - 39) + 41)
18
What is (2 - 7) + 1 + -17 + -331 + 352 + 65?
65
What is -193 + 148 - (66 + -9)?
-102
What is the value of 78 + -5 + (27 - 44)?
56
Calculate -8 + 19 + (22 - 2) + -13.
18
What is the value of (11 - (37 - 87)) + -23 + -89?
-51
What is -8 - -2 - (-2 + -6 - (7 + 10 + -18))?
1
Evaluate (-62 - -73 - (0 - 1) - 0) + 12.
24
Evaluate 25 + 12 + (-68 - -82 - (0 - -5)).
46
-27 + 28 + (19 - -11) - 4
27
52 + (-228 - -69) - -9
-98
Calculate 25 + (-37 - (-6 - 31)).
25
Evaluate (12 - 63 - -28) + (7 - -4).
-12
What is 24 + (4 - 16) + (10 - 5) - 1?
16
62 - 49 - (7 + -7 + -8 - 14)
35
What is the value of (17 - 8 - (3 - 1)) + (-61 - -78)?
24
Evaluate -2 - 106 - (-4029 - -3975).
-54
What is (-6 - 4) + (23 - 13 - 1) + 97 - 4?
92
What is 46 - 56 - (17 - -10) - 99?
-136
What is the value of 77 - (90 + (-16 - 11))?
14
(129 - 253) + 116 - (-61 + -1)
54
What is the value of 9 - (-1 - -2) - (-87 + 51 - 31 - -29)?
46
Calculate -38 + 0 - (11 - 7 - (1 - 4)).
-45
Evaluate 13 + -39 + -22 + 112.
64
What is -43 - ((-28 - -17) + -21) - (61 + 1)?
-73
What is the value of ((-106 - -109) + 4 + 0 + -4 - 50) + -4?
-51
What is the value of -22 - ((-4 - 17) + (22 - 9))?
-14
44 - (-59 + 69) - -1
35
Evaluate -15 + 36 + -4 + -47.
-30
Calculate (63 - (-10 + 126)) + 17.
-36
What is 8 + (3 - (-12 - (-22 - 2))) + -11?
-12
What is the value of 30 - (-104 + 48 + 34)?
52
Calculate 37 + 0 + 4619 + -4589.
67
What is the value of (2 + -8 - (-15 - -11)) + -32?
-34
(-14 - (2 + 9 + 4)) + 3 - (-12 + 0)
-14
What is -12 - ((-3 - 11) + (-6 - -9)) - -23?
22
What is (-96 - -177) + (-25 - -14)?
70
What is 19 + 4 + -10 - (-20 - -13) - -70?
90
-129 + (-284 + 278 - (16 + 1 + -1)) + 13
-138
Evaluate (1 - 7) + 272 + -80 + -132.
54
What is the value of -1 - -69 - (-1427 + 1457)?
38
-89 + 72 + 5 + 2 + 1 + 11
2
Calculate 10 + -11 + 2 + -2 + 9 + -6.
2
Evaluate -52 + 84 + 43 + -162.
-87
What is the value of 20 + -10 + -8 - (103 - 118)?
17
(24 - (114 + 6)) + -9 + 0 + (-8 - -7)
-106
Evaluate -4 + 23 + 2 + 4 + -96 + 100.
29
97 - (0 - -83 - (14 + 23))
51
Evaluate (1 - (-8 - (17 + -10))) + -47.
-31
Evaluate 66 + (-149 - (-91 + 37)).
-29
What is the value of 2 + 14 + (171 - (8 + 170))?
9
Evaluate (8 - 2) + (-575 - -561).
-8
What is 13 + -13 + -64 - (22 + -28)?
-58
Calculate (-50 - -50) + (-3 + 1 + 1 - 8).
-9
-118 + 92 + -52 - -43
-35
What is the value of -28 + (-97 - 3 - -104 - (1 - (-10 + 0)))?
-35
Calculate -2 + (1 - 3 - 6 - (-20 + 13 - -10)).
-13
(3 - 25) + 96 + -67 + 18
25
Evaluate 44 - (-81 + 249 + -21).
-103
What is the value of -43 - (42 + (2 - 22) + -42)?
-23
Calculate (66 - -4) + 274 + -373.
-29
What is -24 - -15 - 4 - (77 - -1) - (3 + -18)?
-76
41 + (-24 - (-6 + -1)) + 2 + 6
32
What is 0 - (1 + -7 + -103 + 104) - -13?
18
Calculate 0 + -47 + (-14 - -9) + 12 + -19 + 17.
-42
What is 15 - (6 + -3 - -4 - -14)?
-6
Evaluate 8 + (1 - 4 - (-16 + 1 - -49)) + 4.
-25
Calculate 48 + 2 + 16 - 17 - 39.
10
Calculate 8 + (-19 - -25 - (-59 - (-1 - 1))) + -11.
60
Calculate -1 + 29 - ((26 - (24 + 25)) + 18).
33
0 - -25 - (263 - 279)
41
What is 24 + (-21 - (30 - -2 - 33))?
4
(4 + 9 + -6 - 2) + -8 - (-71 - 66)
134
What is -26 + 130 + 48 + -22 - (-6 - 0)?
136
Evaluate 17 + (-145 - -102) - -40.
14
Calculate -89 - -32 - (22 - 1).
-78
What is the value of 29 - -2 - (-89 - -129)?
-9
Evaluate 2 - -124 - (1 + 7 + -326 + 336).
108
What is 14 + -11 + (9 - (13 + -13)) - -13?
25
624 - 584 - (104 - -6)
-70
What is the value of 11 + (0 - 0) - (234 + -166 + -81)?
24
Evaluate 2 + (66 - 1) + (-3 - -11 - (-5 + 14)).
66
What is the value of -19 + (-15 - -1) + -145 + 171 + 3?
-4
Calculate 21 + (28 + -15 - 7) - (0 + 5).
22
What is (29 - (55 + -25)) + -5 + 1?
-5
Calculate -17 + (-61 - -13) + 25 + -43.
-83
What is the value of -2 + 31 - (-49 - -97)?
-19
Calculate 0 + -13 - (-76 + 24 + -7).
46
Evaluate 6 - (-21 - (0 - 18 - 4 - -16)).
21
(1 - (17 + 1 + -1)) + (-166 - (-95 + -78))
-9
-38 - -38 - 8 - (6 + 5 + (-5 - 5))
-9
What is the value of -5 + 18 + -20 + (-14 - ((4 - 13) + 5))?
-17
Evaluate -9 + (-1 - -4) - (-12 + 5 + -2 + -22).
25
What is (3 + 37 - 15 - (-1 + 16)) + -51?
-41
13 + (-1 - (20 - 36)) - -40
68
-5 - ((65 - 65) + (5 - (-6 - (4 + -6))))
-14
Calculate (-6 - 2) + 2 + -14 + (-29 - -58) + -51.
-42
What is (-64 - -1 - (-40 + 32) - (4 + -7)) + 5?
-47
Evaluate 1 + (-16 + (14 - 5) - 0 - -2 - -9).
5
-12 - (18 - 78 - -30)
18
What is -23 + 2 + (-117 - -121) - 25?
-42
2 - (154 + -123 + -145)
116
What is the value of 109 - 2 - -1 - (31 - (-25 + 71))?
123
What is the value of 10 + -10 - (44 + -19 + -17)?
-8
22 + -18 - (-33 - (-90 - -43))
-10
-310 + 284 + -1 + 5 - 105
-127
Calculate (-9739 - -9746) + (3 + -3 + -18 - 1 - 0).
-12
What is (10 - (16 - 11) - 15) + 46?
36
What is the value of 12 - (2 + (-15 - -21) + 0)?
4
Calculate (-6219 - -6242) + (0 + -1 - 84).
-62
Calculate (-11 - 6) + 1 - -24 - (55 - (2 - 3)).
-48
What is the value of -25 - (-5 + 0 - (12 - 32) - 1)?
-39
Evaluate (-236 - -160) + 100 - ((-6 - -3) + -13).
40
Calculate -12 + -196 + 200 + (0 - (2 - 1)).
-9
Calculate -48 - (-43 + 50 + -56).
1
Evaluate 40 - 45 - (-1 + (10 - 2)) - (122 - 125).
-9
Calculate (-3533 - -3536) + (3 + -4 - (0 - 14)).
16
-64 + 2 + -248 + 255 - 12
-67
What is 79 - (-27 - (-4 + 11)) - (-6 - -22)?
97
What is 52 + -35 + -58 - 49?
-90
What is 0 - -2 - 12 - ((9 - 43) + 25)?
-1
10 - ((0 - 3) + -1 - -15) - (-71 + 203)
-133
71 + -182 + -36 + 70
-77
Calculate -14 - (-11 - (22 - (35 - 24))).
8
Calculate -90 + (-137 - (15 + -212)).
-30
Calculate 7 - (-34 - (-69 - 32 - 22)).
-82
Calculate -19 - (-45 - -138 - 55).
-57
Evaluate -30 - (54 + -29 + -17).
-38
Calculate (86 - 2) + (-25 - (-34 + 26)) + 7.
74
What is 2 + 2 + 0 - (2921 + -2935)?
18
(20 - -2) + (24 - 27 - 8) - 17
-6
Calculate -6 - (2 + (-13 - (-13 + 13))).
5
18 + (37 - (40 - 6))
21
What is -42 + -2 - (206 + -257)?
7
((-1 - 16) + 3 - 22) + -12 + 25
-23
Evaluate 3 + -7 + (134 + -124 - (-1 - -70)).
-63
Evaluate (-16 - (-17 - -10 - -7)) + (21 - -45).
50
Calculate 35 - (-12 + (6 - -37)).
4
What is -6 - ((8 - 24) + 1 + 0 + -7)?
16
13 + (-6 - -5) + (14 - (59 - 13))
-20
Calculate 10 - 3 - (-27 - (-14 + -19) - (57 - 6)).
52
(-500 - -514) + (-3 - 0 - -18)
29
What is the value of 2 + 72 - (175 - 170) - -26?
95
What is 814 + -794 + (3 + -2 + -1 - (5 + 4))?
11
Calculate (-25 - 13 - -7 - -64) + (0 - 0).
33
(35 - 125) + 93 + 72
75
What is the value of -2 + (4 - (-1 + (-1 - 0))) - (442 + -466)?
28
Evaluate 38 + (-50 + -17 - -50).
21
What is the value of (-10 - (1 + -5 + 4)) + (61 - (12 + 0))?
39
Evaluate -22 + (-55 - -46) - -12.
-19
What is 64 - (23 - (27 + -22))?
46
(6 - (8 + 6)) + 34 + (14 - 6)
34
Evaluate 458 + -466 + (17 - (6 - 0)).
3
What is the value of (786 - 741) + -42 + 1?
4
-24 - (16 - (-10 + (6 - -36)))
-8
Evaluate 334 + -343 + 5 + (-3 - -14).
7
What is the value of -6 - (-40 + -2 + 12 - (13 - 41 - -14))?
10
What is the value of -227 + 215 - (-11 + 28 - 9)?
-20
What is the value of 17 + (-16 - (-17 - 0 - (-4 + (10 - 16))))?
8
What is the value of 66 - 141 - (36 - (-4 + 9))?
-106
What is 6 + -10 - -39 - (-1 - -2)?
34
Calculate (0 - 8) + 51 - 6.
37
Calculate 42 + -45 + 13 - -37.
47
Calculate 2 + (28 - (29 + 20) - -16).
-3
What is (10 + -4 + -5 - -2) + 35 + -5?
33
-2 + 1 + (2 - -28 - 10) + 4 + 4
27
Calculate -688 - -707 - (11 + (6 - -13)).
-11
Calculate -62 - (-5 - -2 - (-5 - -19 - (-4 + 10))).
-51
What is 68 + (9 - (2 - -4 - (-28 - -20)))?
63
Calculate 171 + (-17 + -127 - -73).
100
What is (0 - -48) + -3399 + 3256?
-95
Calculate 3 + 14 + 15 + -19 + (-11 - 10).
-8
What is the value of (450 - 540) + -13 + 11?
-92
Calculate -97 - -5 - -193 - 64.
37
Evaluate (114 - (-36 + 66 + -9)) + -41.
52
What is the value of (4 - 57 - (-57 + 55)) + 2 - -6?
-43
Calculate (2 - 3